{"id":1645,"date":"2024-09-24T17:57:06","date_gmt":"2024-09-24T15:57:06","guid":{"rendered":"https:\/\/silberpfeil-pirna.de\/blog\/?page_id=1645"},"modified":"2025-10-02T12:51:43","modified_gmt":"2025-10-02T10:51:43","slug":"tanzfloehe","status":"publish","type":"page","link":"https:\/\/silberpfeil-pirna.de\/blog\/?page_id=1645","title":{"rendered":"Tanzfl\u00f6he und Tanzfl\u00f6hchen"},"content":{"rendered":"\n<p>Die Tanzfl\u00f6he und Tanzfl\u00f6hchen sind die ganz kleinen T\u00e4nzer in unserem Verein.<\/p>\n\n\n<div class=\"wp-block-image\">\n<figure class=\"alignleft\"><img loading=\"lazy\" decoding=\"async\" width=\"169\" height=\"300\" src=\"https:\/\/silberpfeil-pirna.de\/blog\/wp-content\/uploads\/2025\/10\/floehchen02-169x300.jpg\" alt=\"\" class=\"wp-image-1796\" srcset=\"https:\/\/silberpfeil-pirna.de\/blog\/wp-content\/uploads\/2025\/10\/floehchen02-169x300.jpg 169w, https:\/\/silberpfeil-pirna.de\/blog\/wp-content\/uploads\/2025\/10\/floehchen02.jpg 337w\" sizes=\"auto, (max-width: 169px) 100vw, 169px\" \/><\/figure>\n<\/div>\n\n\n<p><strong>Tanzfl\u00f6hchen<\/strong> &#8211; Dienstags 16:00 &#8211; 17:00 Uhr, Alter 4 &#8211; 6 Jahre<\/p>\n\n\n\n<p>Die Fl\u00f6hchen lernen sich zur Musik zu bewegen, haben Spass und freuen sich, gemeinsam die ersten Erfahrungen zu machen. Gymnastik, Dehnungs\u00fcbungen und erste Versuche, sich mit Bewegungen auszudr\u00fccken, sind genau so wichtig wie das H\u00f6ren der Musik und eines Taktes.<\/p>\n\n\n\n<p><br>Kontakt:<br>Jugendwart Christoph Rosenkranz <br>jugendwart(at)tsc-silberpfeil.de<br>Elternvertreter Christian M\u00fcller<\/p>\n\n\n\n<figure class=\"wp-block-image size-full\"><img loading=\"lazy\" decoding=\"async\" width=\"800\" height=\"313\" src=\"https:\/\/silberpfeil-pirna.de\/blog\/wp-content\/uploads\/2025\/10\/floehchen01.jpg\" alt=\"\" class=\"wp-image-1797\" srcset=\"https:\/\/silberpfeil-pirna.de\/blog\/wp-content\/uploads\/2025\/10\/floehchen01.jpg 800w, https:\/\/silberpfeil-pirna.de\/blog\/wp-content\/uploads\/2025\/10\/floehchen01-300x117.jpg 300w, https:\/\/silberpfeil-pirna.de\/blog\/wp-content\/uploads\/2025\/10\/floehchen01-768x300.jpg 768w\" sizes=\"auto, (max-width: 800px) 100vw, 800px\" \/><\/figure>\n\n\n\n<p><br><strong>Tanzfl\u00f6he<\/strong> &#8211; Dienstags 17:00 &#8211; 18:00 Uhr, Alter 7 &#8211; 10 Jahre <\/p>\n\n\n<div class=\"wp-block-image\">\n<figure class=\"aligncenter size-full is-resized\"><img loading=\"lazy\" decoding=\"async\" width=\"800\" height=\"525\" src=\"https:\/\/silberpfeil-pirna.de\/blog\/wp-content\/uploads\/2025\/10\/floehe01.jpg\" alt=\"\" class=\"wp-image-1812\" style=\"width:448px;height:auto\" srcset=\"https:\/\/silberpfeil-pirna.de\/blog\/wp-content\/uploads\/2025\/10\/floehe01.jpg 800w, https:\/\/silberpfeil-pirna.de\/blog\/wp-content\/uploads\/2025\/10\/floehe01-300x197.jpg 300w, https:\/\/silberpfeil-pirna.de\/blog\/wp-content\/uploads\/2025\/10\/floehe01-768x504.jpg 768w\" sizes=\"auto, (max-width: 800px) 100vw, 800px\" \/><\/figure>\n<\/div>\n\n\n<p><br>Die Tanzfl\u00f6he lernen schon die ersten Tanzschritte. Es gibt schon kleine Choreographien und Auftritte bei verschiedenen Veranstaltungen im Verein oder auch beim Stadtfest. Die KidsChallenge am Jahresende bei der Line Dance Meisterschaft &#8222;Saxonia Open&#8220; ist eine der ersten M\u00f6glichkeiten an einem Wettkampf teilzunehmen.<\/p>\n\n\n\n<p>Kontakt:<br>Jugendwart Christoph Rosenkranz <br>jugendwart(at)tsc-silberpfeil.de<br>Elternvertreter Christian M\u00fcller<\/p>\n\n\n\n<figure class=\"wp-block-image size-full\"><img loading=\"lazy\" decoding=\"async\" width=\"800\" height=\"292\" src=\"https:\/\/silberpfeil-pirna.de\/blog\/wp-content\/uploads\/2025\/10\/floehe02.jpg\" alt=\"\" class=\"wp-image-1816\" srcset=\"https:\/\/silberpfeil-pirna.de\/blog\/wp-content\/uploads\/2025\/10\/floehe02.jpg 800w, https:\/\/silberpfeil-pirna.de\/blog\/wp-content\/uploads\/2025\/10\/floehe02-300x110.jpg 300w, https:\/\/silberpfeil-pirna.de\/blog\/wp-content\/uploads\/2025\/10\/floehe02-768x280.jpg 768w\" sizes=\"auto, (max-width: 800px) 100vw, 800px\" \/><\/figure>\n","protected":false},"excerpt":{"rendered":"<p>Die Tanzfl\u00f6he und Tanzfl\u00f6hchen sind die ganz kleinen T\u00e4nzer in unserem Verein. Tanzfl\u00f6hchen &#8211; Dienstags 16:00 &#8211; 17:00 Uhr, Alter 4 &#8211; 6 Jahre Die Fl\u00f6hchen lernen sich zur Musik zu bewegen, haben Spass und freuen sich, gemeinsam die ersten &hellip; <a href=\"https:\/\/silberpfeil-pirna.de\/blog\/?page_id=1645\">Weiterlesen <span class=\"meta-nav\">&rarr;<\/span><\/a><\/p>\n","protected":false},"author":1,"featured_media":0,"parent":27,"menu_order":0,"comment_status":"closed","ping_status":"closed","template":"","meta":{"footnotes":""},"class_list":["post-1645","page","type-page","status-publish","hentry"],"_links":{"self":[{"href":"https:\/\/silberpfeil-pirna.de\/blog\/index.php?rest_route=\/wp\/v2\/pages\/1645","targetHints":{"allow":["GET"]}}],"collection":[{"href":"https:\/\/silberpfeil-pirna.de\/blog\/index.php?rest_route=\/wp\/v2\/pages"}],"about":[{"href":"https:\/\/silberpfeil-pirna.de\/blog\/index.php?rest_route=\/wp\/v2\/types\/page"}],"author":[{"embeddable":true,"href":"https:\/\/silberpfeil-pirna.de\/blog\/index.php?rest_route=\/wp\/v2\/users\/1"}],"replies":[{"embeddable":true,"href":"https:\/\/silberpfeil-pirna.de\/blog\/index.php?rest_route=%2Fwp%2Fv2%2Fcomments&post=1645"}],"version-history":[{"count":10,"href":"https:\/\/silberpfeil-pirna.de\/blog\/index.php?rest_route=\/wp\/v2\/pages\/1645\/revisions"}],"predecessor-version":[{"id":1819,"href":"https:\/\/silberpfeil-pirna.de\/blog\/index.php?rest_route=\/wp\/v2\/pages\/1645\/revisions\/1819"}],"up":[{"embeddable":true,"href":"https:\/\/silberpfeil-pirna.de\/blog\/index.php?rest_route=\/wp\/v2\/pages\/27"}],"wp:attachment":[{"href":"https:\/\/silberpfeil-pirna.de\/blog\/index.php?rest_route=%2Fwp%2Fv2%2Fmedia&parent=1645"}],"curies":[{"name":"wp","href":"https:\/\/api.w.org\/{rel}","templated":true}]}}

Tanzflöhe und Tanzflöhchen

<p>Die Tanzflöhe und Tanzflöhchen sind die ganz kleinen Tänzer in unserem Verein.</p>


<div class="wp-block-image">
<figure class="alignleft"><img loading="lazy" decoding="async" width="169" height="300" src="https://silberpfeil-pirna.de/blog/wp-content/uploads/2025/10/floehchen02-169x300.jpg" alt="" class="wp-image-1796" srcset="https://silberpfeil-pirna.de/blog/wp-content/uploads/2025/10/floehchen02-169x300.jpg 169w, https://silberpfeil-pirna.de/blog/wp-content/uploads/2025/10/floehchen02.jpg 337w" sizes="auto, (max-width: 169px) 100vw, 169px" /></figure>
</div>


<p><strong>Tanzflöhchen</strong> &#8211; Dienstags 16:00 &#8211; 17:00 Uhr, Alter 4 &#8211; 6 Jahre</p>



<p>Die Flöhchen lernen sich zur Musik zu bewegen, haben Spass und freuen sich, gemeinsam die ersten Erfahrungen zu machen. Gymnastik, Dehnungsübungen und erste Versuche, sich mit Bewegungen auszudrücken, sind genau so wichtig wie das Hören der Musik und eines Taktes.</p>



<p><br>Kontakt:<br>Jugendwart Christoph Rosenkranz <br>jugendwart(at)tsc-silberpfeil.de<br>Elternvertreter Christian Müller</p>



<figure class="wp-block-image size-full"><img loading="lazy" decoding="async" width="800" height="313" src="https://silberpfeil-pirna.de/blog/wp-content/uploads/2025/10/floehchen01.jpg" alt="" class="wp-image-1797" srcset="https://silberpfeil-pirna.de/blog/wp-content/uploads/2025/10/floehchen01.jpg 800w, https://silberpfeil-pirna.de/blog/wp-content/uploads/2025/10/floehchen01-300x117.jpg 300w, https://silberpfeil-pirna.de/blog/wp-content/uploads/2025/10/floehchen01-768x300.jpg 768w" sizes="auto, (max-width: 800px) 100vw, 800px" /></figure>



<p><br><strong>Tanzflöhe</strong> &#8211; Dienstags 17:00 &#8211; 18:00 Uhr, Alter 7 &#8211; 10 Jahre </p>


<div class="wp-block-image">
<figure class="aligncenter size-full is-resized"><img loading="lazy" decoding="async" width="800" height="525" src="https://silberpfeil-pirna.de/blog/wp-content/uploads/2025/10/floehe01.jpg" alt="" class="wp-image-1812" style="width:448px;height:auto" srcset="https://silberpfeil-pirna.de/blog/wp-content/uploads/2025/10/floehe01.jpg 800w, https://silberpfeil-pirna.de/blog/wp-content/uploads/2025/10/floehe01-300x197.jpg 300w, https://silberpfeil-pirna.de/blog/wp-content/uploads/2025/10/floehe01-768x504.jpg 768w" sizes="auto, (max-width: 800px) 100vw, 800px" /></figure>
</div>


<p><br>Die Tanzflöhe lernen schon die ersten Tanzschritte. Es gibt schon kleine Choreographien und Auftritte bei verschiedenen Veranstaltungen im Verein oder auch beim Stadtfest. Die KidsChallenge am Jahresende bei der Line Dance Meisterschaft &#8222;Saxonia Open&#8220; ist eine der ersten Möglichkeiten an einem Wettkampf teilzunehmen.</p>



<p>Kontakt:<br>Jugendwart Christoph Rosenkranz <br>jugendwart(at)tsc-silberpfeil.de<br>Elternvertreter Christian Müller</p>



<figure class="wp-block-image size-full"><img loading="lazy" decoding="async" width="800" height="292" src="https://silberpfeil-pirna.de/blog/wp-content/uploads/2025/10/floehe02.jpg" alt="" class="wp-image-1816" srcset="https://silberpfeil-pirna.de/blog/wp-content/uploads/2025/10/floehe02.jpg 800w, https://silberpfeil-pirna.de/blog/wp-content/uploads/2025/10/floehe02-300x110.jpg 300w, https://silberpfeil-pirna.de/blog/wp-content/uploads/2025/10/floehe02-768x280.jpg 768w" sizes="auto, (max-width: 800px) 100vw, 800px" /></figure>

<p>Die Tanzflöhe und Tanzflöhchen sind die ganz kleinen Tänzer in unserem Verein. Tanzflöhchen &#8211; Dienstags 16:00 &#8211; 17:00 Uhr, Alter 4 &#8211; 6 Jahre Die Flöhchen lernen sich zur Musik zu bewegen, haben Spass und freuen sich, gemeinsam die ersten &hellip; <a href="https://silberpfeil-pirna.de/blog/?page_id=1645">Weiterlesen <span class="meta-nav">&rarr;</span></a></p>
