{"id":35,"date":"2018-11-03T11:32:08","date_gmt":"2018-11-03T10:32:08","guid":{"rendered":"http:\/\/silberpfeil-pirna.de\/blog\/?page_id=35"},"modified":"2019-04-02T22:10:57","modified_gmt":"2019-04-02T20:10:57","slug":"independance","status":"publish","type":"page","link":"https:\/\/silberpfeil-pirna.de\/blog\/?page_id=35","title":{"rendered":"IndepenDance"},"content":{"rendered":"<p align=\"JUSTIFY\"><span style=\"font-family: Times New Roman, serif;\"><span style=\"font-size: medium;\"><span style=\"font-family: Arial, serif;\">Die Tanzgruppe \u201eIndepenDance\u201c im gemischten Alter von derzeit 13-21 Jahren absolviert neben einem erweiterten Grundtraining, Drehungen und Spr\u00fcngen, auch die Schulung der K\u00f6rperhaltung. Jedes Jahr wird eine Choreographie neu einstudiert, um sie bei den vier Ligaturnieren jeder Saison vorzuf\u00fchren. Momentan tanzt die Gruppe in der Verbandliga S\u00fcd\/Ost 2.<\/span><\/span><\/span><\/p>\n<p align=\"JUSTIFY\"><span style=\"font-family: Times New Roman, serif;\"><span style=\"font-size: medium;\"><span style=\"font-family: Arial, serif;\">Die Formation besteht aus 13 aktiven T\u00e4nzerinnen, die aktuell durch Sabine Viehrig trainiert werden. Sabine Viehrig ist selbst aktive Jazz-Modern-Dance-T\u00e4nzerin und mischt mit ihrer Gruppe im Geschehen der 2. Bundesliga mit. Sie trainiert die M\u00e4dchen mit viel Erfahrung und fordert sie immer wieder neu heraus, um die Leistungen st\u00e4ndig zu verbessern. <\/span><\/span><\/span><\/p>\n<p style=\"text-align: center;\" align=\"JUSTIFY\"><img loading=\"lazy\" decoding=\"async\" class=\"aligncenter wp-image-529\" src=\"https:\/\/silberpfeil-pirna.de\/blog\/wp-content\/uploads\/2019\/04\/independance11.jpg\" alt=\"\" width=\"840\" height=\"560\" srcset=\"https:\/\/silberpfeil-pirna.de\/blog\/wp-content\/uploads\/2019\/04\/independance11.jpg 1170w, https:\/\/silberpfeil-pirna.de\/blog\/wp-content\/uploads\/2019\/04\/independance11-300x200.jpg 300w, https:\/\/silberpfeil-pirna.de\/blog\/wp-content\/uploads\/2019\/04\/independance11-768x512.jpg 768w, https:\/\/silberpfeil-pirna.de\/blog\/wp-content\/uploads\/2019\/04\/independance11-1024x683.jpg 1024w\" sizes=\"auto, (max-width: 840px) 100vw, 840px\" \/><\/p>\n<p align=\"CENTER\"><span style=\"font-family: Times New Roman, serif;\"><span style=\"font-size: medium;\"><span style=\"font-family: Arial, serif;\"><b>Ein Einstieg in diese Gruppe ist jederzeit m\u00f6glich und junge Talente mit Erfahrung im Tanzen oder Gymnastik werden immer gesucht!<\/b><\/span><\/span><\/span><\/p>\n<p align=\"JUSTIFY\"><span style=\"font-family: Times New Roman, serif;\"><span style=\"font-size: medium;\"><span style=\"font-family: Arial, serif;\">Trainingszeiten: <\/span><\/span><\/span><\/p>\n<p align=\"JUSTIFY\"><span style=\"font-family: Times New Roman, serif;\"><span style=\"font-size: medium;\"><span style=\"font-family: Arial, serif;\">MONTAG 17.00 \u2013 19.00 Uhr<\/span><\/span><\/span><\/p>\n<p align=\"JUSTIFY\"><span style=\"font-family: Times New Roman, serif;\"><span style=\"font-size: medium;\"><span style=\"font-family: Arial, serif;\">FREITAG 15.30 \u2013 17.30 Uhr<\/span><\/span><\/span><\/p>\n<p align=\"JUSTIFY\"><span style=\"font-family: Times New Roman, serif;\"><span style=\"font-size: medium;\"><span style=\"font-family: Arial, serif;\">SAMSTAG 10.00 \u2013 12.00 Uhr<\/span><\/span><\/span><\/p>\n<p align=\"CENTER\"><span style=\"font-family: Arial, serif;\"><span style=\"font-size: medium;\"><b>Bisherige Ergebnisse der Saison 2019<\/b><\/span><\/span><\/p>\n<p><span style=\"font-family: Arial, serif;\"><span style=\"font-size: medium;\"><img loading=\"lazy\" decoding=\"async\" class=\"alignleft wp-image-530\" src=\"https:\/\/silberpfeil-pirna.de\/blog\/wp-content\/uploads\/2019\/04\/independance12-214x300.jpg\" alt=\"\" width=\"250\" height=\"351\" srcset=\"https:\/\/silberpfeil-pirna.de\/blog\/wp-content\/uploads\/2019\/04\/independance12-214x300.jpg 214w, https:\/\/silberpfeil-pirna.de\/blog\/wp-content\/uploads\/2019\/04\/independance12-768x1077.jpg 768w, https:\/\/silberpfeil-pirna.de\/blog\/wp-content\/uploads\/2019\/04\/independance12-730x1024.jpg 730w, https:\/\/silberpfeil-pirna.de\/blog\/wp-content\/uploads\/2019\/04\/independance12.jpg 775w\" sizes=\"auto, (max-width: 250px) 100vw, 250px\" \/><\/span><\/span><\/p>\n<p align=\"JUSTIFY\"><span style=\"font-family: Arial, serif;\"><span style=\"font-size: medium;\">Die Turnierphase ist in vollem Gange. Die 13 T\u00e4nzerinnen haben inzwischen das zweite Turnier erfolgreich hinter sich gebracht. Mit der Choreographie zum <\/span><\/span><span style=\"font-family: Arial, serif;\"><span style=\"font-size: medium;\">Lied \u201eIron\u201c konnten sie sich schon zweimal den 2. Platz erk\u00e4mpfen.<\/span><\/span><\/p>\n<p align=\"JUSTIFY\"><span style=\"font-family: Arial, serif;\"><span style=\"font-size: medium;\">Nun wird flei\u00dfig weitertrainiert, um bei den letzten beiden Turnieren ein ebenso gutes oder besseres Ergebnis mit nach Pirna zu bringen. <\/span><\/span><\/p>\n<p align=\"JUSTIFY\"><span style=\"font-family: Arial, serif;\"><span style=\"font-size: medium;\">Termine: <\/span><\/span><\/p>\n<p align=\"JUSTIFY\"><span style=\"font-family: Arial, serif;\"><span style=\"font-size: medium;\">14.04.19 \u2013 Bernburg <\/span><\/span><\/p>\n<p align=\"JUSTIFY\"><span style=\"font-family: Arial, serif;\"><span style=\"font-size: medium;\">05.05.19 \u2013 Saalfeld <\/span><\/span><\/p>\n","protected":false},"excerpt":{"rendered":"<p>Die Tanzgruppe \u201eIndepenDance\u201c im gemischten Alter von derzeit 13-21 Jahren absolviert neben einem erweiterten Grundtraining, Drehungen und Spr\u00fcngen, auch die Schulung der K\u00f6rperhaltung. Jedes Jahr wird eine Choreographie neu einstudiert, um sie bei den vier Ligaturnieren jeder Saison vorzuf\u00fchren. Momentan &hellip; <a href=\"https:\/\/silberpfeil-pirna.de\/blog\/?page_id=35\">Weiterlesen <span class=\"meta-nav\">&rarr;<\/span><\/a><\/p>\n","protected":false},"author":1,"featured_media":0,"parent":27,"menu_order":0,"comment_status":"closed","ping_status":"closed","template":"page-sidebar.php","meta":{"footnotes":""},"class_list":["post-35","page","type-page","status-publish","hentry"],"_links":{"self":[{"href":"https:\/\/silberpfeil-pirna.de\/blog\/index.php?rest_route=\/wp\/v2\/pages\/35","targetHints":{"allow":["GET"]}}],"collection":[{"href":"https:\/\/silberpfeil-pirna.de\/blog\/index.php?rest_route=\/wp\/v2\/pages"}],"about":[{"href":"https:\/\/silberpfeil-pirna.de\/blog\/index.php?rest_route=\/wp\/v2\/types\/page"}],"author":[{"embeddable":true,"href":"https:\/\/silberpfeil-pirna.de\/blog\/index.php?rest_route=\/wp\/v2\/users\/1"}],"replies":[{"embeddable":true,"href":"https:\/\/silberpfeil-pirna.de\/blog\/index.php?rest_route=%2Fwp%2Fv2%2Fcomments&post=35"}],"version-history":[{"count":3,"href":"https:\/\/silberpfeil-pirna.de\/blog\/index.php?rest_route=\/wp\/v2\/pages\/35\/revisions"}],"predecessor-version":[{"id":531,"href":"https:\/\/silberpfeil-pirna.de\/blog\/index.php?rest_route=\/wp\/v2\/pages\/35\/revisions\/531"}],"up":[{"embeddable":true,"href":"https:\/\/silberpfeil-pirna.de\/blog\/index.php?rest_route=\/wp\/v2\/pages\/27"}],"wp:attachment":[{"href":"https:\/\/silberpfeil-pirna.de\/blog\/index.php?rest_route=%2Fwp%2Fv2%2Fmedia&parent=35"}],"curies":[{"name":"wp","href":"https:\/\/api.w.org\/{rel}","templated":true}]}}

<p align="JUSTIFY"><span style="font-family: Times New Roman, serif;"><span style="font-size: medium;"><span style="font-family: Arial, serif;">Die Tanzgruppe „IndepenDance“ im gemischten Alter von derzeit 13-21 Jahren absolviert neben einem erweiterten Grundtraining, Drehungen und Sprüngen, auch die Schulung der Körperhaltung. Jedes Jahr wird eine Choreographie neu einstudiert, um sie bei den vier Ligaturnieren jeder Saison vorzuführen. Momentan tanzt die Gruppe in der Verbandliga Süd/Ost 2.</span></span></span></p>
<p align="JUSTIFY"><span style="font-family: Times New Roman, serif;"><span style="font-size: medium;"><span style="font-family: Arial, serif;">Die Formation besteht aus 13 aktiven Tänzerinnen, die aktuell durch Sabine Viehrig trainiert werden. Sabine Viehrig ist selbst aktive Jazz-Modern-Dance-Tänzerin und mischt mit ihrer Gruppe im Geschehen der 2. Bundesliga mit. Sie trainiert die Mädchen mit viel Erfahrung und fordert sie immer wieder neu heraus, um die Leistungen ständig zu verbessern. </span></span></span></p>
<p style="text-align: center;" align="JUSTIFY"><img loading="lazy" decoding="async" class="aligncenter wp-image-529" src="https://silberpfeil-pirna.de/blog/wp-content/uploads/2019/04/independance11.jpg" alt="" width="840" height="560" srcset="https://silberpfeil-pirna.de/blog/wp-content/uploads/2019/04/independance11.jpg 1170w, https://silberpfeil-pirna.de/blog/wp-content/uploads/2019/04/independance11-300x200.jpg 300w, https://silberpfeil-pirna.de/blog/wp-content/uploads/2019/04/independance11-768x512.jpg 768w, https://silberpfeil-pirna.de/blog/wp-content/uploads/2019/04/independance11-1024x683.jpg 1024w" sizes="auto, (max-width: 840px) 100vw, 840px" /></p>
<p align="CENTER"><span style="font-family: Times New Roman, serif;"><span style="font-size: medium;"><span style="font-family: Arial, serif;"><b>Ein Einstieg in diese Gruppe ist jederzeit möglich und junge Talente mit Erfahrung im Tanzen oder Gymnastik werden immer gesucht!</b></span></span></span></p>
<p align="JUSTIFY"><span style="font-family: Times New Roman, serif;"><span style="font-size: medium;"><span style="font-family: Arial, serif;">Trainingszeiten: </span></span></span></p>
<p align="JUSTIFY"><span style="font-family: Times New Roman, serif;"><span style="font-size: medium;"><span style="font-family: Arial, serif;">MONTAG 17.00 – 19.00 Uhr</span></span></span></p>
<p align="JUSTIFY"><span style="font-family: Times New Roman, serif;"><span style="font-size: medium;"><span style="font-family: Arial, serif;">FREITAG 15.30 – 17.30 Uhr</span></span></span></p>
<p align="JUSTIFY"><span style="font-family: Times New Roman, serif;"><span style="font-size: medium;"><span style="font-family: Arial, serif;">SAMSTAG 10.00 – 12.00 Uhr</span></span></span></p>
<p align="CENTER"><span style="font-family: Arial, serif;"><span style="font-size: medium;"><b>Bisherige Ergebnisse der Saison 2019</b></span></span></p>
<p><span style="font-family: Arial, serif;"><span style="font-size: medium;"><img loading="lazy" decoding="async" class="alignleft wp-image-530" src="https://silberpfeil-pirna.de/blog/wp-content/uploads/2019/04/independance12-214x300.jpg" alt="" width="250" height="351" srcset="https://silberpfeil-pirna.de/blog/wp-content/uploads/2019/04/independance12-214x300.jpg 214w, https://silberpfeil-pirna.de/blog/wp-content/uploads/2019/04/independance12-768x1077.jpg 768w, https://silberpfeil-pirna.de/blog/wp-content/uploads/2019/04/independance12-730x1024.jpg 730w, https://silberpfeil-pirna.de/blog/wp-content/uploads/2019/04/independance12.jpg 775w" sizes="auto, (max-width: 250px) 100vw, 250px" /></span></span></p>
<p align="JUSTIFY"><span style="font-family: Arial, serif;"><span style="font-size: medium;">Die Turnierphase ist in vollem Gange. Die 13 Tänzerinnen haben inzwischen das zweite Turnier erfolgreich hinter sich gebracht. Mit der Choreographie zum </span></span><span style="font-family: Arial, serif;"><span style="font-size: medium;">Lied „Iron“ konnten sie sich schon zweimal den 2. Platz erkämpfen.</span></span></p>
<p align="JUSTIFY"><span style="font-family: Arial, serif;"><span style="font-size: medium;">Nun wird fleißig weitertrainiert, um bei den letzten beiden Turnieren ein ebenso gutes oder besseres Ergebnis mit nach Pirna zu bringen. </span></span></p>
<p align="JUSTIFY"><span style="font-family: Arial, serif;"><span style="font-size: medium;">Termine: </span></span></p>
<p align="JUSTIFY"><span style="font-family: Arial, serif;"><span style="font-size: medium;">14.04.19 – Bernburg </span></span></p>
<p align="JUSTIFY"><span style="font-family: Arial, serif;"><span style="font-size: medium;">05.05.19 – Saalfeld </span></span></p>

<p>Die Tanzgruppe „IndepenDance“ im gemischten Alter von derzeit 13-21 Jahren absolviert neben einem erweiterten Grundtraining, Drehungen und Sprüngen, auch die Schulung der Körperhaltung. Jedes Jahr wird eine Choreographie neu einstudiert, um sie bei den vier Ligaturnieren jeder Saison vorzuführen. Momentan &hellip; <a href="https://silberpfeil-pirna.de/blog/?page_id=35">Weiterlesen <span class="meta-nav">&rarr;</span></a></p>
